+ 4 - 9/2)*(-9 + -95)?
7
Suppose -3*c + 27*u + 8027 = 25*u, 5*c + 5*u = 13395. Calculate the remainder when c is divided by 62.
11
Let f = -6067 - -6101. Calculate the remainder when f is divided by ((-14)/4)/((-1)/4).
6
Let g(d) = -d - 5. Let u be g(1). Calculate the remainder when 42 is divided by 1/2 - 135/u.
19
Let y(m) = -1 + 13*m**2 - 13*m + 0*m**3 + 15 + 5 + m**3. What is the remainder when 1/4 + (-38)/(-8) is divided by y(-14)?
0
Suppose -13*x + 1954 - 173 = 0. Calculate the remainder when x is divided by 46.
45
Let g = -833 - -411. Let u = g + 705. Calculate the remainder when u is divided by 57.
55
Let t(c) be the second derivative of -c**5/20 - 7*c**4/12 - 7*c**3/6 - c**2 + 9*c. Suppose -3*s - 14 = -s. Calculate the remainder when t(s) is divided by 17.
13
Let d(s) = -s**3 - 6*s**2 + 15*s. Let z = -303 - -295. Calculate the remainder when 9 is divided by d(z).
1
Let k be (50/20 + -4)/((-2)/192). Let o = -12 + 17. Suppose 4*d = -2*t + k + 10, 4*t = o*d - 173. What is the remainder when d is divided by 3?
1
Let c be -5 + -464 + (5 - 5)/(-5). Let p = c + 512. Calculate the remainder when p is divided by 11.
10
Suppose 17 = 2*m + 41. What is the remainder when 103 + (9 - m/(-4)) is divided by 10?
9
Let m = -11146 - -11486. What is the remainder when m is divided by 163?
14
Let a(r) = r + 1. Let b(h) = -h - 66. Let w(c) = -4*a(c) - b(c). What is the remainder when 143 is divided by w(11)?
27
Let v(f) = f**3 + 14*f**2 + 7*f + 82. Calculate the remainder when 751 is divided by v(0).
13
Let h be 7/(56/(-12))*4. Calculate the remainder when (51*-10)/h*(-4)/(-5) is divided by 36.
32
Suppose 3*j + 18*j + 11918 = 139*j. Calculate the remainder when 1312 is divided by j.
100
Let o(m) = 67*m - 4883. Suppose 617 = 4*x + 3*s, 2*x = -x - 5*s + 460. What is the remainder when x is divided by o(75)?
13
What is the remainder when 635 + 0*(12/42)/((-8)/(-14)) is divided by 207?
14
Suppose -217979*c + 217983*c = 2388. Calculate the remainder when c is divided by 197.
6
Let a = -23 + 41. Suppose -74*y + 9058 + 953 = 67*y. What is the remainder when y is divided by a?
17
Let s(f) = -4*f + 164. Let t be s(34). Let y = -8 + t. What is the remainder when 107 is divided by y?
7
Let x(v) = 15*v - 1. Suppose 5*h - 606 = 3*g, 0 = 2*h + 2*g - 291 + 55. What is the remainder when ((-7)/2)/((-5)/h) is divided by x(3)?
40
Suppose -3*n + 267 + 40 = -119. What is the remainder when n is divided by 93?
49
Let b(s) = -s**2 + 19*s + 38. Suppose 10*l - 32*x - 3359 = -29*x, 661 = 2*l + 3*x. What is the remainder when l is divided by b(18)?
55
Let b be 2 - 48/22 - 35/(-11). Suppose -b*g = 2*v - 357, 30*g - 25*g = v + 608. Calculate the remainder when g is divided by 59.
3
What is the remainder when -4 - ((-294)/(-12))/((-14)/2660) is divided by 166?
3
Suppose 0 = 11*x + 17*x - 12892 - 828. What is the remainder when x is divided by (-10 - -14)*(-34)/(-8)?
14
Let k = -416 + 431. What is the remainder when 2/16 + 463/8 is divided by k?
13
Let c = -6474 + 7125. Calculate the remainder when c is divided by 202.
45
Let l = 62 + -14. Let d = l - 33. Let v = 421 - 347. What is the remainder when v is divided by d?
14
Let r(m) = 4*m**2 - 256*m + 5. What is the remainder when (266/(-95))/(2/(-5)) is divided by r(64)?
2
Let n(y) = y**3 - y**2 + 73. Let k be (6/18*-1)/(4/(-492)). What is the remainder when n(0) is divided by ((-3)/(-2) - 1)/(k/2050)?
23
Let o(s) = -5*s + 48. Calculate the remainder when o(-2) is divided by 39.
19
Let a = 78 - -225. Let b be 2/1*a/1*1. Suppose b = 6*f - 6. Calculate the remainder when f is divided by 35.
32
Let h = -601 - -1433. Suppose 112 = -9*q + h. Let m = q + -66. What is the remainder when m is divided by 5?
4
Suppose 3*q = 2*o - 2892, -14*q + 9*q - 3*o - 4839 = 0. What is the remainder when (-4)/10 - 5/(75/q) is divided by 14?
8
Calculate the remainder when 282/(-705) - (-9004)/10 is divided by 76.
64
Let l = 14 - 7. Let m(z) = -21*z**2 + 13*z - 6. Let d(b) = 46*b**2 - 27*b + 10. Let x(p) = -5*d(p) - 11*m(p). What is the remainder when 44 is divided by x(l)?
8
Let f(n) = -n**2 - 11*n + 131. Let o be 3/(-3)*(20 + -3). Calculate the remainder when 346 is divided by f(o).
27
Suppose 5*c + 5*l - 51 = 14, 2*l = -4*c + 42. Calculate the remainder when 721 is divided by c.
1
Let z(i) = 1451*i + 8931. Calculate the remainder when 693 is divided by z(-6).
18
Let k = 90 - 39. Let h(a) = 52*a + 1529. What is the remainder when k is divided by h(-29)?
9
Let v = -134 + 148. Let x = v + -6. Calculate the remainder when 54 is divided by x.
6
Suppose 39*v - 44*v = 1590. What is the remainder when -4*(v/8 + -4) is divided by 30?
25
Calculate the remainder when 7*1092/147*103/4 is divided by 193.
181
Let g(f) = f - 19. Let c be g(0). Let t = c - -24. Suppose 12*a - t*a - 889 = 0. Calculate the remainder when a is divided by 26.
23
Let q(n) = 7*n**2 - 1. Let y be (-2410)/35 + (-3)/21. Let m = 90 + y. Calculate the remainder when q(-3) is divided by m.
20
Suppose -210*k + 72303 = -117335 + 68678. What is the remainder when k is divided by 197?
182
Let h = 2 + 22. Let t(n) = -922*n - 9166. Calculate the remainder when t(-10) is divided by h.
6
Suppose h - k = -0*k + 23, 16 = 2*h + 4*k. Suppose z = h*z - 19635. Calculate the remainder when z is divided by 89.
87
Suppose 4 = 29*p - 28*p. Suppose 4*w = 4*d - w - 8, p*d - 44 = -4*w. What is the remainder when 47 is divided by d?
5
Let s(u) = 110*u**2 - 46*u - 15. What is the remainder when s(-6) is divided by 41?
39
Let q(r) = 3*r**3 + 47*r**2 - 95*r - 1217. Calculate the remainder when 912 is divided by q(-16).
19
Let b be 9/((-396)/(-8)) + 2745/(-33). Let d = 124 + b. Suppose -55 + 23 = -2*q. Calculate the remainder when d is divided by q.
9
Let a be (-34 - -32)/((-4)/6). Calculate the remainder when ((-1)/a)/(52/(-47736)) is divided by 52.
46
Let z(h) = -h**3 + 6*h**2 + 88*h + 26. What is the remainder when 130 is divided by z(-7)?
36
Let x be (54/12)/(-9)*50. Let r = 89 + x. Calculate the remainder when r is divided by 17.
13
Let k(t) = -5*t**3 + 5*t**2 - 18*t - 49. What is the remainder when k(-3) is divided by 117?
68
Let j be 1/((-1)/3) - (-14)/2. Suppose -r + j*r - 456 = 0. Let a = r - 75. What is the remainder when a is divided by 27?
23
Suppose 0 = p - 6*p + 30. What is the remainder when (325/(-100))/((-2)/16) is divided by p?
2
Let a(y) = 3*y**3 + 3*y**2 - 2*y - 14. Let f be a(-4). Let j = -91 - f. Suppose 3*z + j = 215. What is the remainder when z is divided by 9?
7
Suppose -10*i = -8*i + 11*i - 130. Calculate the remainder when 119 is divided by i.
9
Let a = 332074 - 332053. Suppose 100 = 3*n - 11. What is the remainder when n is divided by a?
16
Let m(d) = 85*d + 15758. What is the remainder when m(-163) is divided by 20?
3
Suppose 2*l + 5*t - 124 = 0, -17 = -6*l + 5*l + 5*t. Calculate the remainder when 66 is divided by l.
19
Let l(t) = -t**2 + 226 + 8*t + 234 - 464 + 8*t - 4*t. Calculate the remainder when 164 is divided by l(5).
9
Let s = -22253 + 22555. Calculate the remainder when s is divided by 19.
17
Let s(i) = i**2 - 19*i + 69. What is the remainder when 128 is divided by s(18)?
26
Let s(i) = i**3 + 52*i**2 - 111*i - 103. Calculate the remainder when 16695 is divided by s(-54).
57
Let h = -182 + 150. Calculate the remainder when 15 is divided by -1*2*80/h.
0
Let d(h) = -h**3 - 5*h**2 - 2*h + 4. Calculate the remainder when d(-6) is divided by 22/4*(4 - 2).
8
Let k be ((-4)/(-6))/1*3. Let a(q) = 0*q**3 - 9 + 11*q + 0 - q**3 + 7*q**k. Calculate the remainder when 43 is divided by a(8).
13
Let t = -20021 - -20443. Calculate the remainder when t is divided by 17.
14
Suppose -4*r + 1995*a - 1998*a + 189 = 0, 3*r = -5*a + 150. What is the remainder when 1128 is divided by r?
3
Let u(d) = 5*d**2 + 182*d + 259. Calculate the remainder when 2350 is divided by u(-35).
12
Let o(x) = -x**3 - 58*x**2 + 29*x - 1767. Calculate the remainder when 538 is divided by o(-59).
1
Let f = 8622 + -8606. Suppose 382 = 5*y - m, 0*y - 4*y = 5*m - 323. Let j = -46 + y. What is the remainder when j is divided by f?
15
Suppose -7*g + 2*g = 5*c - 10, -3*g = -3*c + 30. Suppose -2 = -c*w + 16. Let s(f) = -f**3 + 5*f**2 - f - 5. Calculate the remainder when 27 is divided by s(w).
7
Let w = -1075 + 1081. Let p be (-2 + -1)/(3